et u = -22 - -13. Let f(r) = u*p(r) - 2*o(r). Calculate f(5).
-5
Let p(l) = 2*l + 1. Suppose 8 = -3*g + 7*g. Suppose -7 = g*k - n, 6 = 3*k + 2*n - 1. Determine p(k).
-1
Let l = 10 - 10. Suppose m + 23 - 27 = l. Let r(x) be the first derivative of -x**4/4 + x**3 + 3*x**2/2 + x - 1. What is r(m)?
-3
Let r(a) = -492 + 244 + 252 + a. Determine r(10).
14
Let r(k) = -7*k**2 - 6*k + 1. Let p(g) = -21 - 12 + g**2 - 15 + 49. Let u(l) = -6*p(l) - r(l). What is u(-6)?
-7
Let h(d) be the first derivative of -d**5/20 + d**4/24 + 3*d**2 - 5. Let p(v) be the second derivative of h(v). Determine p(-1).
-4
Let w(a) be the second derivative of -a**3/3 + 17*a**2/2 + 2*a + 12. Determine w(7).
3
Let z(j) be the third derivative of j**5/60 + j**4/24 - j**3/2 - j**2. Suppose 2 = -c + 4. Suppose 0 = k - 5*y + 4*y + 5, c*k + 25 = 5*y. Give z(k).
-3
Let b(g) = -2*g**2 - 6*g - 2 + g**2 + 0*g**2. Let u(s) = 16*s**2 - 2*s - 3. Let l be u(-1). Let a be -8*(l/18)/(30/18). Give b(a).
6
Let y(c) = -2*c - 22. Let h be y(-10). Let r(m) = 2*m**3 + 2*m**2 - 2*m - 3. Calculate r(h).
-7
Let c(b) = 35*b**3 + 1. Suppose -96 = 10*q - 106. Give c(q).
36
Let o(t) be the first derivative of t**4/4 + 2*t**3 - 2. Let j be o(-6). Let x be j/((-2)/(-1 - 1)). Let n(a) = a**2 + a + 14. What is n(x)?
14
Let a(x) = -12*x + 235. Let v(c) = 5*c - 92. Let w(l) = 2*a(l) + 5*v(l). Let s = -27 + 17. What is w(s)?
0
Let g(m) be the third derivative of 0*m + 0 + 5/24*m**4 - 1/3*m**3 + 7*m**2. Calculate g(-4).
-22
Let r be (-1)/((-5)/(-3)) - (-6)/10. Suppose 5*m + 4*k + 30 = 6*k, r = 2*k - 10. Let o(p) = 3*p - 1. Give o(m).
-13
Let h(b) be the third derivative of -1/60*b**5 + 1/6*b**3 + 1/24*b**4 + 0 - 2*b**2 + 0*b. Let q be h(-1). Let o(l) = l**2 - 1. What is o(q)?
0
Let t(a) = a**2 + 10*a + 9. Suppose -2*h + 6*h + v = -40, 39 = -3*h - 3*v. Calculate t(h).
0
Let t(u) = -2*u**3 - 3*u**2 + u + 2. Let p = 170 - 167. Suppose 0 = -p*r + 3 - 9. What is t(r)?
4
Let n(y) = -4*y**3 - y**2 + y. Let t = 89 + -88. Calculate n(t).
-4
Let j be (-46)/6 + (-4)/(-6). Let v(y) be the first derivative of y**4/4 + 2*y**3 - 4*y**2 + 2*y - 246. What is v(j)?
9
Suppose -v = -0*v. Let d be 2*(-3 + v - -2). Let s(t) = 7*t**2 + 2*t - 36. Let p(m) = -3*m**2 - m + 16. Let b(r) = -9*p(r) - 4*s(r). Give b(d).
-6
Let n(c) be the third derivative of c**5/60 - c**4/3 + 7*c**3/6 + 71*c**2. Determine n(5).
-8
Let l(g) = -g**3 - 6*g**2 - g + 13. Let c = 658 + -664. Calculate l(c).
19
Let i(u) = 12*u**2 + 23*u + 73. Let a(t) = -5*t**2 - 13*t - 37. Let v(k) = 5*a(k) + 2*i(k). Give v(-17).
-5
Let w(q) = 2*q**3 - 13*q**2 - 7*q + 2. Let c be w(7). Let v(h) = h**3 - 6*h**2 - 7*h + 2. Let r be v(7). Let f(l) = -r*l**c + 3*l + l - l**3 - 3*l. Give f(-3).
6
Let d = -4 - 2. Let p(u) = 2*u + 23. Let x(s) = -3*s - 47. Let t(g) = -2*p(g) - x(g). What is t(d)?
7
Let h(s) = 1 + 2136*s + 0 - 2140*s. Determine h(6).
-23
Let w(v) = -v + 4 - 5 + 0. Let p = -6215 + 6209. What is w(p)?
5
Let k = 12 + -10. Let w(o) = 4*o**2 + 0*o + o - 4*o**k - 3*o**2. Suppose 0*x = 4*x + 4. Determine w(x).
-4
Let y(n) = -n**3 + 7*n**2 - 6*n + 2. Let l(s) = -s - 1. Let t(z) = l(z) + y(z). Give t(6).
-5
Let n(z) be the first derivative of 2*z**2 + 2*z + 36. Give n(6).
26
Let p(o) = -o**3 + 5*o**2 + 3*o - 5. Let d be (6/(-7))/(17/(13 - 132)). What is p(d)?
-23
Let q(u) = 0 - 3 + 4 - 6*u + 13*u. What is q(-1)?
-6
Let r(p) = -8*p**3 - p - 1. Suppose 0 = -4*y + 5*m + 75, 3*m + 35 = 3*y - 22. Let d = 19 - y. Determine r(d).
8
Let n be (4/6)/((-8)/72). Let x(c) be the second derivative of 3*c - 1/20*c**5 - 7/6*c**3 - 7/12*c**4 + 0 - 3*c**2. Calculate x(n).
0
Let t(d) be the second derivative of 17*d**4/12 - d**2/2 - d. Let u = 2517 + -2516. Give t(u).
16
Suppose 13*t + 1 + 38 = 0. Let n = 6 - 2. Let q(j) = 0*j + n*j - 5*j. Give q(t).
3
Let s(h) be the first derivative of 3*h**4/4 + h**3 + h**2 + 42. What is s(-2)?
-16
Let b(f) = -4*f - f**3 + 5*f**2 + 0*f**3 - 7 + 6*f + 1. Give b(6).
-30
Let l(d) = d**3 - 7*d**2 - d + 6. Let c be l(7). Let i(m) = 4*m. Let u(b) = b + 3 + 4 - 6. Let n(g) = c*i(g) + u(g). Determine n(2).
-5
Suppose 0*m = -4*m - 8. Let o = -4 - m. Let l(t) = 1275*t**2 - t + 4*t**3 - 3*t**3 + 1276*t**2 - 2551*t**2 + 2. What is l(o)?
-4
Let q(w) = -4*w**2 - 31*w + 17. Let c(b) = -3*b**2 - 21*b + 11. Let f(a) = 7*c(a) - 5*q(a). Suppose -2*i - 20 = -5*h, 5*h - 2*h + i = 23. Determine f(h).
4
Let t be -6*-6*(-3)/(-108). Let s(b) = 1. Let q(m) = -9*m**2 - 4. Let j(c) = q(c) + 5*s(c). Calculate j(t).
-8
Let f(q) be the third derivative of 1/10*q**5 + 0 + 0*q - 27*q**2 + 7/6*q**3 + 1/120*q**6 + 1/6*q**4. Give f(-5).
12
Let o(y) = 9 - 12*y - 6*y + 28*y - 9*y. What is o(-7)?
2
Let a(i) = -i**3 + 4*i**2 - 4*i + 1. Let f(j) be the first derivative of 2*j**3/3 + 3*j**2/2 + 4*j - 6. Let k be f(-3). Suppose -4 = 3*s - k. Determine a(s).
-2
Let y(w) = -w**2 + 5*w - 4. Let p(t) = 2*t**2 - 12*t + 13. Let r be p(5). Suppose -12 = -4*b, r*l = -0*l - 2*b + 15. Determine y(l).
2
Let y(o) = o**3 + 3*o**2 - 5*o - 7. Let l be y(-4). Let n = l - -1. Let x(g) = -2*g + 2. Let b be x(n). Let c(d) = d**3 - 7*d**2 + 5*d + 1. What is c(b)?
-5
Suppose 3*c = -v + 8, -15 = 6*v - v + 4*c. Let n = -2 - v. Let x(f) = -f + 0 + 1 + n*f + 5. Give x(-4).
-10
Let j(i) = 0 + i - i**2 + 4 - 1 - 1. Calculate j(2).
0
Let q(b) = b**3 - b**2 + 2*b. Suppose -7*j = -2*j - 5. Suppose g - 3 = -j. Give q(g).
8
Let t = -114 + 101. Let z(p) = -p**2 - 13*p + 6. Determine z(t).
6
Let w(k) = k**2 - 17*k + 27. Let f be w(15). Let a(v) = -v**2 + 3*v - 4. Determine a(f).
-22
Suppose 3*j - 3*c + 16 = c, c - 17 = 4*j. Let u = 266 + -154. Let a(o) = -2*o**3 - 4*o**2 + 113 + o**3 - u - o. Determine a(j).
5
Suppose 3*i - 3*s - 27 = -5*s, 5*s = -2*i + 18. Let u(f) = 5*f**3 - 5*f**3 + 11*f - i*f - 3 + f**3 - 3*f**2. Give u(3).
3
Let k(c) = -c**2 + 9*c - 3. Let g = -26 - -22. Let a be 9 - 14/g*(-4)/7. Calculate k(a).
11
Let g = 29 - 29. Let l(z) = z - 1. Let k be l(8). Let s(i) = 6*i - 5*i + 2*i + g*i + k. What is s(-5)?
-8
Let q(g) = -2*g + 2 + 2*g**3 + 1 + 16*g**2 - 12*g**2 - 6. Calculate q(-3).
-15
Let k = 37 - 38. Let i(w) = -w**3 + 4*w**2 - 3*w + 11. Let d(b) = b**2 - b. Let p(o) = k*i(o) + 3*d(o). Calculate p(0).
-11
Let z(c) be the third derivative of c**5/60 + c**4/24 - c**3/3 + 34*c**2 - 3*c. What is z(1)?
0
Let y(o) = -o**3 + 7*o**2 - 4*o - 2. Suppose 0 = -11*m + 66. Determine y(m).
10
Let a(v) = -v**3 - 6*v**2 + 6*v - 1. Suppose 25 = 4*s + t, 0 = 2*t - 6 - 4. Let l = -12 + s. What is a(l)?
6
Let y(k) = 11*k - 10 + 7 + 5*k**2 + 5. Let x(f) = 6*f**2 + 12*f + 1. Let s(p) = -4*x(p) + 5*y(p). Suppose 5*v + 49 - 19 = 0. Determine s(v).
0
Let t(o) = 4*o + 8. Let k(q) = 22*q**3 + q. Let z be k(1). Suppose -5*a - z = 7. Give t(a).
-16
Suppose 0 = 6*v - 7*v - 17. Let a(r) = r**2 + 17*r + 10. Let g be a(v). Let c(x) = x**2 - 9*x - 10. Determine c(g).
0
Let h be (-3)/((-4)/(12/3)). Let f(i) = 3*i - 4. Let z be f(h). Let q(p) = -z*p + 4*p + 4*p**2 - 5*p**2. What is q(-2)?
-2
Let b(o) be the second derivative of -5*o**3/3 + o**2 - 4*o - 5. Determine b(1).
-8
Let v(k) = -6*k + k + 35 + 31 - k**2 - 53. Determine v(-7).
-1
Let r(b) = b**2 - 2*b + 1. Suppose -3*f - 720 = 3*f. Let g be ((-216)/f)/(6/10). Determine r(g).
4
Let h(b) be the first derivative of 3*b**2 + 9*b + 15. Calculate h(-6).
-27
Let r(l) = -l**2 + 6*l - 5. Let i(h) = 2*h**2 + 4*h - 2. Let p be i(1). Let s be r(p). Let b(u) = -4 + 4*u**2 + 14*u - 28*u - s*u**2 + 12*u. Determine b(-3).
11
Let b(u) = u - 2. Suppose -7 = 4*t + 1. Let x be b(t). Let r(d) = 7 + 0*d - 2 - 1 + 3*d. Calculate r(x).
-8
Suppose 0 = 5*d + y - 7, d + 10 = 3*d - 2*y. Let g(c) = 6 - d*c + 3 - 15. Give g(-5).
4
Let f(o) be the second derivative of 4*o + 2/3*o**3 + 0 + 3/2*o**2 + 1/12*o**4. What is f(-5)?
8
Suppose 435*x - 8 = 431*x. Let s(a) = -2*a**2 + 1. What is s(x)?
-7
Let q(g) = 2*g**2 - 15*g - 16. Let u(h) = -3*h**2 + 23*h + 23. Let j(i) = 8*q(i) + 5*u(i). What is j(9)?
23
Let i(f) = 3*f**2 - 5*f + 11. Let g(a) = -a**2 + 3*a - 5. Let p(k) = -5*g(k) - 2*i(k). Suppose -24*y + 17 = -27*y + 2*u, 5*y + 20 = -5*u. Give p(y).
3
Let b(h) = -16 + 24 + 38 - 6*h. Calculate b(7).
4
Let w be 1 + -6 + 4 - -3. Suppose w*l - 12 = -2*l. Let k(f) = -2*f - 2. What is k(l)?
-8
Let g be ((-4)/(-6))/(2/9). Let v = -1 + g. 